remainder when 2350865970 is divided by 874?
872
Calculate the remainder when 1080717 is divided by 8.
5
What is the remainder when 880360 is divided by 7662?
6892
What is the remainder when 8117729 is divided by 8?
1
Calculate the remainder when 15988 is divided by 3439.
2232
Calculate the remainder when 119867 is divided by 4741.
1342
Calculate the remainder when 1237858 is divided by 44194.
426
What is the remainder when 437114 is divided by 313?
166
What is the remainder when 192723 is divided by 5840?
3
Calculate the remainder when 386218 is divided by 882.
784
Calculate the remainder when 75192 is divided by 6255.
132
Calculate the remainder when 11932896 is divided by 9463.
53
Calculate the remainder when 52592006 is divided by 1384000.
6
Calculate the remainder when 88873921 is divided by 4443696.
1
Calculate the remainder when 3564843 is divided by 324076.
7
Calculate the remainder when 62757066 is divided by 25.
16
Calculate the remainder when 142819381 is divided by 192.
181
What is the remainder when 570693 is divided by 438?
417
What is the remainder when 444479 is divided by 83?
14
Calculate the remainder when 7260668 is divided by 95535.
8
Calculate the remainder when 23730 is divided by 284.
158
What is the remainder when 129618 is divided by 43101?
315
Calculate the remainder when 647034 is divided by 646923.
111
Calculate the remainder when 618880 is divided by 3309.
97
Calculate the remainder when 8038 is divided by 3450.
1138
Calculate the remainder when 7541826 is divided by 301.
271
What is the remainder when 532 is divided by 174?
10
What is the remainder when 687149 is divided by 343285?
579
Calculate the remainder when 19777921 is divided by 5565.
5476
Calculate the remainder when 709215 is divided by 388.
339
Calculate the remainder when 3555321 is divided by 973.
952
What is the remainder when 340872 is divided by 1913?
358
Calculate the remainder when 6579838 is divided by 3289839.
160
Calculate the remainder when 7846238 is divided by 40.
38
What is the remainder when 1796367 is divided by 596547?
6726
Calculate the remainder when 5538354 is divided by 4994.
8
What is the remainder when 653087 is divided by 35?
22
Calculate the remainder when 11440155 is divided by 3648.
27
What is the remainder when 1315990 is divided by 164377?
974
Calculate the remainder when 604076 is divided by 1571.
812
What is the remainder when 235808 is divided by 77?
34
Calculate the remainder when 9320 is divided by 1899.
1724
What is the remainder when 503372 is divided by 100016?
3292
What is the remainder when 47035609 is divided by 23517800?
9
Calculate the remainder when 23501912 is divided by 126.
14
Calculate the remainder when 180955 is divided by 2699.
122
What is the remainder when 460976 is divided by 726?
692
Calculate the remainder when 31735 is divided by 31728.
7
What is the remainder when 7795 is divided by 6045?
1750
Calculate the remainder when 129736454 is divided by 2505.
2504
What is the remainder when 149349 is divided by 365?
64
What is the remainder when 26433 is divided by 6011?
2389
What is the remainder when 272188 is divided by 38843?
287
What is the remainder when 11373688 is divided by 106?
100
What is the remainder when 12477160 is divided by 120?
40
Calculate the remainder when 939556 is divided by 469538.
480
What is the remainder when 110797 is divided by 55355?
87
What is the remainder when 1963075 is divided by 3725?
0
What is the remainder when 2981196 is divided by 116?
112
Calculate the remainder when 578929 is divided by 26250.
1429
What is the remainder when 110090745 is divided by 36696912?
9
Calculate the remainder when 1408441 is divided by 2458.
7
Calculate the remainder when 7724683 is divided by 1103522.
29
What is the remainder when 473880 is divided by 12469?
58
What is the remainder when 824168 is divided by 854?
58
What is the remainder when 1178844 is divided by 25?
19
Calculate the remainder when 2421161 is divided by 1844.
1833
What is the remainder when 436825 is divided by 1274?
1117
Calculate the remainder when 826527 is divided by 756.
219
What is the remainder when 55153 is divided by 2028?
397
What is the remainder when 26391540 is divided by 157?
154
What is the remainder when 113616 is divided by 18296?
3840
What is the remainder when 2191936 is divided by 156559?
110
Calculate the remainder when 123486 is divided by 54.
42
What is the remainder when 62653 is divided by 3955?
3328
What is the remainder when 7185 is divided by 146?
31
Calculate the remainder when 115684 is divided by 82.
64
Calculate the remainder when 180454557 is divided by 440.
437
Calculate the remainder when 269519 is divided by 89757.
248
Calculate the remainder when 169242 is divided by 638.
172
What is the remainder when 1654438 is divided by 19932?
82
What is the remainder when 2512232 is divided by 2420?
272
What is the remainder when 285358 is divided by 57070?
8
Calculate the remainder when 38168 is divided by 18671.
826
What is the remainder when 287045 is divided by 849?
83
Calculate the remainder when 162271 is divided by 2748.
139
Calculate the remainder when 58835 is divided by 67.
9
Calculate the remainder when 36174 is divided by 5950.
474
What is the remainder when 33686 is divided by 1916?
1114
Calculate the remainder when 2694374 is divided by 9259.
5
What is the remainder when 166325 is divided by 170?
65
Calculate the remainder when 2629839 is divided by 36023.
160
What is the remainder when 1701 is divided by 1020?
681
Calculate the remainder when 4843345 is divided by 67.
49
What is the remainder when 20802480 is divided by 1288?
1280
Calculate the remainder when 44607996 is divided by 3280.
3276
What is the remainder when 288363 is divided by 144162?
39
What is the remainder when 6978796 is divided by 1322?
1280
Calculate the remainder when 213229 is divided by 15074.
2193
Calculate the remainder when 2245950 is divided by 57586.
96
Calculate the remainder when 695651 is divided by 20439.
725
What is the remainder when 31854 is divided by 12690?
6474
What is the remainder when 6642339 is divided by 42?
39
Calculate the remainder when 6142279 is divided by 11.
0
Calculate the remainder when 4287757 is divided by 73.
29
What is the remainder when 23407618 is divided by 3277?
7
What is the remainder when 960711 is divided by 202?
201
What is the remainder when 3239966 is divided by 33?
26
What is the remainder when 47236 is divided by 211?
183
What is the remainder when 23423 is divided by 23234?
189
What is the remainder when 44391 is divided by 191?
79
Calculate the remainder when 23872 is divided by 1004.
780
What is the remainder when 1115425 is divided by 922?
727
What is the remainder when 38996787 is divided by 35?
32
What is the remainder when 615198 is divided by 2017?
13
What is the remainder when 8608530 is divided by 2365?
2295
What is the remainder when 540236 is divided by 324?
128
Calculate the remainder when 118737 is divided by 2012.
29
Calculate the remainder when 4156154 is divided by 24887.
25
What is the remainder when 1124904 is divided by 34086?
66
What is the remainder when 1244342 is divided by 64?
54
Calculate the remainder when 55812253 is divided by 109.
2
What is the remainder when 2124141 is divided by 294?
285
What is the remainder when 5093290 is divided by 228?
226
What is the remainder when 66312 is divided by 32992?
328
Calculate the remainder when 797959 is divided by 16.
7
What is the remainder when 52859757 is divided by 4112?
4109
Calculate the remainder when 15776775 is divided by 3102.
3
What is the remainder when 3420477 is divided by 16524?
9
Calculate the remainder when 2097101 is divided by 2097098.
3
Calculate the remainder when 53507976 is divided by 8805.
8796
Calculate the remainder when 12620 is divided by 684.
308
Calculate the remainder when 9929897 is divided by 8858.
79
What is the remainder when 2744867 is divided by 3277?
2018
What is the remainder when 221140 is divided by 15794?
24
Calculate the remainder when 12679275 is divided by 214.
203
What is the remainder when 19177547 is divided by 123?
2
Calculate the remainder when 237786 is divided by 46.
12
Calculate the remainder when 140692 is divided by 68123.
4446
Calculate t